ighest common factor of q and 48.
6
Let w be 1/(-1 - -10) - 10076/(-198). Calculate the highest common divisor of 15 and w.
3
Suppose 31*a + 3*u + 11551 = 36*a, -4*a = 5*u - 9263. Calculate the greatest common divisor of 85 and a.
17
Let p = -106 + 108. Suppose 4*q - q = -9, -2*m = p*q - 28. What is the highest common factor of m and 17?
17
Suppose y = -x, -3*x + 29 = -3*y + 5. Let r = -2318 - -4106. Let l be y/(-30) + r/90. What is the greatest common factor of 160 and l?
20
Let b(s) = 5*s**3 - 30*s**2 + 2*s + 4. Let v be b(6). Let j = 46 + -42. Calculate the greatest common factor of j and v.
4
Suppose 0 = f + 3*k - 100, 5*k + 0 = -5. Let z = -144 + f. Let q = z - -50. What is the highest common factor of 1 and q?
1
Suppose 0*s = 4*s + 3*a - 497, 4*s - 3*a = 503. Let p be (5 + s)/(3 - 3/3). Calculate the greatest common divisor of 10 and p.
5
Suppose -7*j + 210 = 7*d - 6*j, 0 = d + 4*j - 30. Calculate the greatest common divisor of d and 47790.
30
Suppose -30 = -5*z, g + 83*z - 81*z - 60 = 0. What is the highest common divisor of 1800 and g?
24
Let c = 36 + 174. Let u = -186 + c. What is the highest common factor of 9 and u?
3
Suppose -j + 394*b + 1437 = 398*b, -4*j - 2*b = -5706. What is the greatest common factor of 45 and j?
15
Let t(q) = 11*q**2 - 6*q - 8. Let a be (0 + 1)/(2/(-8)). Let u be t(a). What is the highest common factor of u and 6?
6
Let c be (-4167)/54171 - (1 + -2 + (-131)/13). Suppose q = -4*p + 2*p + 1343, 1340 = 2*p - 2*q. What is the greatest common factor of c and p?
11
Let c be (4*(-3)/18)/(((-184)/(-5856))/(-23)). Calculate the greatest common factor of c and 1525.
61
Suppose 4*y = 12*y - 848. Suppose k - 41 = 2*k - 5*p, 2*k - 4*p = -y. Let c = k + 92. What is the highest common divisor of 279 and c?
31
Suppose 75348 = 51*b + 201*b. What is the greatest common factor of b and 1248?
13
Suppose 2*o = 10, -5*y + 4*o - o = -95. What is the greatest common factor of 77 and y?
11
Suppose 4*s - 5*i = 51, -s = -i - 18 + 6. Suppose -s = -q - 3. Suppose q = 17*t - 11*t. Calculate the greatest common divisor of 5 and t.
1
Suppose 0*d = -5*u + 3*d + 3025, d = -2*u + 1210. Let r(b) = -b**3 + 16*b**2 + 261*b + 29. Let c be r(26). Calculate the greatest common factor of c and u.
55
Suppose -93*i + 86*i + 476 = 0. Calculate the highest common divisor of 2159 and i.
17
Suppose -5*d - 25 = -5*j, -12*d + 7*d = -j + 41. Let m be 6/d*534/4. Let s = 119 + m. What is the greatest common divisor of 5 and s?
5
Let p be (-121)/((5 + (-16 - -9))*(-2)/(-4)). What is the highest common factor of 4961 and p?
121
Let w(r) = 344*r - 94. Let n be w(1). Calculate the greatest common divisor of n and 410.
10
Suppose 50 = 5*n - 4*y, -4*y - 50 = -5*n - 8*y. Let m be (n/20)/((-2)/(-156)). Calculate the greatest common divisor of 975 and m.
39
Let q(h) = -h**3 - 10*h**2 - 17*h + 6. Suppose -563 + 203 = 40*j. Let k be q(j). Calculate the greatest common factor of 1092 and k.
78
Let f = 6314 - 3783. Let r = f - 1519. What is the greatest common divisor of r and 44?
44
Suppose -y - 3*d + 6 = 0, -21*d = y - 22*d - 10. Suppose -g = -4*c - 6*g + 596, -c + 2*g = -136. Calculate the greatest common factor of c and y.
9
Suppose -m - 151 + 360 = h, 0 = -4*h - 2*m + 842. Let k = h - 204. What is the greatest common factor of k and 18?
2
Let x = 930 - 897. Suppose -b + x = 3*u, 5*b - u + 46 = 259. Calculate the highest common divisor of 105 and b.
21
Let l(b) = b**3 + 7*b**2 + 11*b + 9. Let t be (630/(-49))/3 - (-2)/7. Let j be l(t). Suppose 10 = 4*q - 42. What is the greatest common factor of q and j?
13
Let h be (4/(-4) - -4)/1. Suppose 0 = 27*k + h*k - 540. What is the highest common divisor of k and 66?
6
Suppose -h = -6 - 3. Let b be 6/27 + (-47)/h. Let c = b + 12. What is the highest common divisor of 1 and c?
1
Suppose -3*k - 125 + 50 = 5*m, -4*k = 3*m + 34. Let i = 83 + m. Suppose 0 = 4*d - 24, -d + 20 = 4*r - 6. What is the greatest common divisor of r and i?
5
Let c be (56 - 6/(-2))*(-6 + 351/9). Calculate the greatest common factor of c and 472.
59
Let r(x) = x**3 + 24*x**2 + 24*x + 39. Suppose 11*b + 345 = -4*b. Let i be r(b). What is the highest common divisor of i and 56?
8
Suppose -88*x = -91*x + 9405. Calculate the highest common divisor of 228 and x.
57
Suppose 15*r - 5099 = 2986. Let v be 48/1 + (13 - 6)/7. What is the highest common divisor of v and r?
49
Let z = 416 + -420. Let l be z/(-3) - (-1222)/6. What is the greatest common divisor of 82 and l?
41
Let r(u) = 147*u**3 + 4*u**2 - 19*u + 34. Let s be r(2). What is the greatest common divisor of 1404 and s?
108
Suppose -4*l - 8 = -12. Let m be -2 - (-1 - -100)*l/3. Let s be (-7)/m - (-158)/10. What is the greatest common divisor of 48 and s?
16
Suppose 4*b - 6 = 5*j, 2*b - j - 4 = j. Suppose -b*d + 47 = -1. Calculate the greatest common factor of 12 and d.
12
Let n be -5*(-4 + 13/3)*3. Let u be n/150*4 - (-760)/75. Calculate the highest common factor of 12 and u.
2
Let a be (-1)/(-2) + 217/14. Let w(s) = -5*s - 5*s + s**2 + a*s - 7*s - 6. Let g be w(-7). Calculate the highest common factor of g and 20.
10
Suppose 3*b - 170 = -2*v, 3*v - 135*b = -130*b + 274. Calculate the highest common factor of 11176 and v.
88
Let v(w) = 2*w + 50. Let q be v(-7). Let o be 522/q + 7/2. What is the greatest common factor of 60 and o?
6
Let b(s) = 5*s**2 + 87. Let n be b(8). What is the greatest common factor of n and 77?
11
Let l(x) = -x**2 + x + 16. Let k be l(0). Suppose 2*q = -d + 1156, 0*q = -4*q + 5*d + 2312. Let h = q + -546. What is the greatest common divisor of h and k?
16
Suppose 6 - 21 = 3*h. Let b be h/(-4 + 1116/284). Calculate the highest common factor of b and 426.
71
Let n(a) = 2*a**3 - 22*a**2 + 11*a - 4. Let k be n(5). Let h = 287 + k. Let c = -122 - -179. What is the highest common factor of c and h?
19
Let t = 4237 + -4217. Calculate the highest common divisor of t and 2430.
10
Let d be (1 - 44/(-4)) + -5. Suppose 7 = -d*c - 7. Let p(o) = -2*o**2 - 3*o + 3. Let h be p(c). Calculate the greatest common divisor of h and 8.
1
Let v = -586 - -593. Let p(d) = 10*d**2 + 9*d - 28. Let l be p(v). What is the greatest common divisor of l and 150?
75
Suppose 536 = 4*k + 4*b, 62*b + 110 = k + 57*b. Calculate the greatest common divisor of 104 and k.
26
Let d be 60/(-48)*-20 + -13. Let r be (10/3*4)/((-1)/(-6)). Calculate the greatest common divisor of d and r.
4
Let g be 60/(-25)*(68367/(-26) + 7). What is the greatest common divisor of 18 and g?
6
Let x = 770 - 356. Let k = x - 169. Suppose 11*b - 370 = 7*b + 11*z, 0 = 3*b + 2*z - 298. What is the greatest common divisor of k and b?
49
Let n(d) = 69*d - 1. Let k be n(1). Let f = 842 + -825. Calculate the highest common divisor of k and f.
17
Suppose 3*m - 4*d + 3*d - 22 = 0, 4*m + 4*d - 40 = 0. Suppose 0 = -m*q + 4*q + 48. Suppose -4*x = -q*x + 96. What is the highest common divisor of x and 30?
6
Suppose 7*z + 130 = 1418. Let m be (-4972)/(-46) + (-16)/z. What is the greatest common factor of m and 12?
12
Let a = -22921 - -25018. What is the highest common divisor of a and 466?
233
Let a = 2506 + -2432. Suppose t + 50 = 3*t - 4*g, 5*t = 3*g + 146. Let y = a + t. What is the highest common factor of 30 and y?
15
Suppose n - 85 = -2*a, -168 - 64 = -5*a + 4*n. Let z(f) = -f**3 - 57*f**2 - 4*f - 173. Let c be z(-57). Calculate the highest common factor of a and c.
11
Suppose 3*j - 4 = 4*z, 10*z = -j + 9*z + 6. Suppose -x + 21 = j*i, 2*x - 37 = -3*x - 3*i. What is the greatest common divisor of 65 and x?
5
Let l = 82 + -56. Let f = 26 - l. Let o = 51 - f. Calculate the highest common factor of o and 17.
17
Let j = 5 + 2. Let l(i) = -i**2 - 4*i + 16. Let h be l(-6). Suppose -11*k + j = -h. What is the highest common divisor of 7 and k?
1
Suppose s - 2*c - c - 14 = 0, -5*s - 15 = 2*c. Let u be (8/(-20))/((-372)/(-375) + s). What is the greatest common factor of 75 and u?
25
Let l(f) = -7*f**2 + 6*f + 25. Let n(p) = -12*p**2 + 13*p + 51. Let g(o) = -5*l(o) + 3*n(o). Let i be g(7). Calculate the greatest common divisor of i and 189.
21
Let w be 95/57*(-2)/(2 + (-372)/189). Let k(f) = 2*f + 2. Let c be k(-3). Let u be ((-168)/w)/((16/(-30))/c). Calculate the greatest common factor of u and 4.
4
Let k be (-21)/(-2)*612/238. What is the highest common divisor